{"id":2,"date":"2016-10-12T20:21:22","date_gmt":"2016-10-12T19:21:22","guid":{"rendered":"http:\/\/hauteverger\/?page_id=2"},"modified":"2025-03-09T19:13:19","modified_gmt":"2025-03-09T18:13:19","slug":"over-ons","status":"publish","type":"page","link":"https:\/\/www.domainelehautverger.nl\/fr\/over-ons\/","title":{"rendered":"Rencontre"},"content":{"rendered":"<p><\/p>\n<h1>POUR SE D\u00c9TENDRE\u00a0ET AIGUISER LES SENS<\/h1>\n<p>Heureux et satisfaits, nous avons sign\u00e9 le contrat d&rsquo;achat du Domaine Le Haut Verger en octobre 2015. Apr\u00e8s de nombreuses ann\u00e9es de recherches, tant en France qu&rsquo;aux Pays-Bas, il \u00e9tait clair cette fois-ci que ce beau domaine dans le Berry \u00e9tait ce que nous cherchions depuis tout ce temps.<\/p>\n<p>Vingt ans plus t\u00f4t, nous avions visit\u00e9 l&rsquo;ancien duch\u00e9 de <a href=\"https:\/\/www.france.fr\/fr\/article\/berry-province\/\">Berry<\/a> et le village de <a href=\"https:\/\/www.domainelehautverger.nl\/fr\/omgeving\/gargilles\/\">Gargilesse<\/a> pour la premi\u00e8re fois \u00e0 la suite d&rsquo;un article de journal n\u00e9erlandais sur l&rsquo;histoire de cette r\u00e9gion. Et nous \u00e9tions imm\u00e9diatement tomb\u00e9s amoureux des deux.<br \/>\nApr\u00e8s avoir arr\u00eat\u00e9 notre recherche active en France, nous avons trouv\u00e9 une maison de campagne avec une maison de jardinier sur Le bon coin n\u00e9erlandais (&lsquo;Marktplaats&rsquo;), pour lequel nous avons d\u00e9cid\u00e9 de retourner en France. Surtout quand il est apparu que la maison \u00e9tait \u00e0 Gargilesse.<\/p>\n<p>Nous nous sentons privil\u00e9gi\u00e9s d&rsquo;\u00eatre les nouveaux passants dans l&rsquo;existence du Domaine Le Haut Verger. Et nous voulons prendre soin de la propri\u00e9t\u00e9 comme de bons intendants. C&rsquo;\u00e9tait d\u00e9j\u00e0 tr\u00e8s beau, mais il y fallait de l&rsquo;amour, de l&rsquo;attention et de l&rsquo;artisanat.<\/p>\n<p>Nous accueillons des h\u00f4tes qui, comme nous, veulent profiter de l&rsquo;endroit, de la vue, du calme, de l&rsquo;eau, de l&rsquo;environnement et de la <a href=\"https:\/\/www.domainelehautverger.nl\/fr\/omgeving\/cultuur\/\">culture<\/a>. Il y a tellement de beaut\u00e9 ici que nous aimerions la partager avec vous. Ici vous pouvez vraiment vous d\u00e9tendre et aiguiser les sens.<\/p>","protected":false},"excerpt":{"rendered":"<p>POUR SE D\u00c9TENDRE\u00a0ET AIGUISER LES SENS Heureux et satisfaits, nous avons sign\u00e9 le contrat d&rsquo;achat du Domaine Le Haut Verger en octobre 2015. Apr\u00e8s de nombreuses ann\u00e9es de recherches, tant en France qu&rsquo;aux Pays-Bas, il \u00e9tait clair cette fois-ci que ce beau domaine dans le Berry \u00e9tait ce que nous cherchions depuis tout ce temps. [&hellip;]<\/p>\n","protected":false},"author":1,"featured_media":1682,"parent":0,"menu_order":1,"comment_status":"closed","ping_status":"closed","template":"template_kamer.php","meta":[],"acf":[],"aioseo_notices":[],"_links":{"self":[{"href":"https:\/\/www.domainelehautverger.nl\/fr\/wp-json\/wp\/v2\/pages\/2"}],"collection":[{"href":"https:\/\/www.domainelehautverger.nl\/fr\/wp-json\/wp\/v2\/pages"}],"about":[{"href":"https:\/\/www.domainelehautverger.nl\/fr\/wp-json\/wp\/v2\/types\/page"}],"author":[{"embeddable":true,"href":"https:\/\/www.domainelehautverger.nl\/fr\/wp-json\/wp\/v2\/users\/1"}],"replies":[{"embeddable":true,"href":"https:\/\/www.domainelehautverger.nl\/fr\/wp-json\/wp\/v2\/comments?post=2"}],"version-history":[{"count":44,"href":"https:\/\/www.domainelehautverger.nl\/fr\/wp-json\/wp\/v2\/pages\/2\/revisions"}],"predecessor-version":[{"id":4011,"href":"https:\/\/www.domainelehautverger.nl\/fr\/wp-json\/wp\/v2\/pages\/2\/revisions\/4011"}],"wp:featuredmedia":[{"embeddable":true,"href":"https:\/\/www.domainelehautverger.nl\/fr\/wp-json\/wp\/v2\/media\/1682"}],"wp:attachment":[{"href":"https:\/\/www.domainelehautverger.nl\/fr\/wp-json\/wp\/v2\/media?parent=2"}],"curies":[{"name":"wp","href":"https:\/\/api.w.org\/{rel}","templated":true}]}}

<p></p>
<h1>POUR SE DÉTENDRE ET AIGUISER LES SENS</h1>
<p>Heureux et satisfaits, nous avons signé le contrat d&rsquo;achat du Domaine Le Haut Verger en octobre 2015. Après de nombreuses années de recherches, tant en France qu&rsquo;aux Pays-Bas, il était clair cette fois-ci que ce beau domaine dans le Berry était ce que nous cherchions depuis tout ce temps.</p>
<p>Vingt ans plus tôt, nous avions visité l&rsquo;ancien duché de <a href="https://www.france.fr/fr/article/berry-province/">Berry</a> et le village de <a href="https://www.domainelehautverger.nl/fr/omgeving/gargilles/">Gargilesse</a> pour la première fois à la suite d&rsquo;un article de journal néerlandais sur l&rsquo;histoire de cette région. Et nous étions immédiatement tombés amoureux des deux.<br />
Après avoir arrêté notre recherche active en France, nous avons trouvé une maison de campagne avec une maison de jardinier sur Le bon coin néerlandais (&lsquo;Marktplaats&rsquo;), pour lequel nous avons décidé de retourner en France. Surtout quand il est apparu que la maison était à Gargilesse.</p>
<p>Nous nous sentons privilégiés d&rsquo;être les nouveaux passants dans l&rsquo;existence du Domaine Le Haut Verger. Et nous voulons prendre soin de la propriété comme de bons intendants. C&rsquo;était déjà très beau, mais il y fallait de l&rsquo;amour, de l&rsquo;attention et de l&rsquo;artisanat.</p>
<p>Nous accueillons des hôtes qui, comme nous, veulent profiter de l&rsquo;endroit, de la vue, du calme, de l&rsquo;eau, de l&rsquo;environnement et de la <a href="https://www.domainelehautverger.nl/fr/omgeving/cultuur/">culture</a>. Il y a tellement de beauté ici que nous aimerions la partager avec vous. Ici vous pouvez vraiment vous détendre et aiguiser les sens.</p>

<p>POUR SE DÉTENDRE ET AIGUISER LES SENS Heureux et satisfaits, nous avons signé le contrat d&rsquo;achat du Domaine Le Haut Verger en octobre 2015. Après de nombreuses années de recherches, tant en France qu&rsquo;aux Pays-Bas, il était clair cette fois-ci que ce beau domaine dans le Berry était ce que nous cherchions depuis tout ce temps. [&hellip;]</p>
